{"id":228,"date":"2015-01-29T14:16:08","date_gmt":"2015-01-29T14:16:08","guid":{"rendered":"http:\/\/sunseapetanque.com\/?page_id=228"},"modified":"2015-02-09T17:52:13","modified_gmt":"2015-02-09T17:52:13","slug":"transports","status":"publish","type":"page","link":"https:\/\/sunseapetanque.com\/?page_id=228","title":{"rendered":"TRANSPORTS"},"content":{"rendered":"<p><img loading=\"lazy\" decoding=\"async\" class=\"decoded\" src=\"http:\/\/sunseapetanque.e-monsite.com\/medias\/images\/image-1.png\" alt=\"http:\/\/sunseapetanque.e-monsite.com\/medias\/images\/image-1.png\" width=\"201\" height=\"200\" \/><\/p>\n<p><strong>POUR REJOINDRE VOTRE DESTINATION DE R\u00caVE PLUSIEURS MOYENS DE TRANSPORT S&rsquo;OFFRENT A VOUS :<\/strong><\/p>\n<p>&nbsp;<\/p>\n<p><strong>EN VOITURE :<\/strong>\u00a0<img loading=\"lazy\" decoding=\"async\" class=\"decoded alignright\" src=\"http:\/\/sunseapetanque.e-monsite.com\/medias\/images\/route.png\" alt=\"http:\/\/sunseapetanque.e-monsite.com\/medias\/images\/route.png\" width=\"147\" height=\"123\" \/><\/p>\n<p>Salou se situe \u00e0 environ 1 heure de Barcelone, elle est accessible par l&rsquo;autoroute payante fran\u00e7aise et espagnole (autopista).<\/p>\n<p>Distances depuis les plus grandes villes de France :<\/p>\n<p>Lille\u00a0 :\u00a0 1353 km ;\u00a0 Paris : 1136 km\u00a0 ; Strasbourg :\u00a0 1231 km ; Lyon :\u00a0 739 km ;<\/p>\n<p>Bordeaux : 736 km ,\u00a0 Marseille\u00a0 : 607 km<\/p>\n<p>Profitez-en pour vous arr\u00eater \u00e0 la zone d\u00e9tax\u00e9e de la fronti\u00e8re franco-espagnole:<\/p>\n<p>La Jonqui\u00e8re.\u00a0 Vous y trouverez parfums, alcools, cuirs et cigarettes \u00e0 prix nettement<\/p>\n<p>inf\u00e9rieurs \u00e0 nos prix fran\u00e7ais.<\/p>\n<p>&nbsp;<\/p>\n<p>&nbsp;<\/p>\n<p style=\"text-align: right;\"><strong>\u00a0EN AVION :\u00a0<\/strong><strong><a title=\"\" href=\"http:\/\/sunseapetanque.e-monsite.com\/medias\/images\/avion.png\" data-rel=\"lightbox-image-0\" data-rl_title=\"\" data-rl_caption=\"\"><img loading=\"lazy\" decoding=\"async\" class=\"img-left alignright\" src=\"http:\/\/sunseapetanque.e-monsite.com\/medias\/images\/avion.png?fx=r_120_120\" alt=\"avion.png\" width=\"163\" height=\"110\" \/><\/a><\/strong><\/p>\n<p style=\"text-align: right;\">Salou se trouve \u00e0 proximit\u00e9 de 3 a\u00e9roports :<\/p>\n<p style=\"text-align: right;\">Reus (15km ) ; Barcelone\u00a0 (102 km) ; Girone (192 km)<\/p>\n<p>&nbsp;<\/p>\n<p>&nbsp;<\/p>\n<p><span style=\"color: #808080;\"><strong>REUS &#8211; compagnies desservant l&rsquo;a\u00e9roport :<\/strong><\/span><\/p>\n<p><a title=\"\" href=\"http:\/\/sunseapetanque.e-monsite.com\/medias\/images\/mid-28-jet2.png\" data-rel=\"lightbox-image-1\" data-rl_title=\"\" data-rl_caption=\"\"><img loading=\"lazy\" decoding=\"async\" class=\"img-left\" src=\"http:\/\/sunseapetanque.e-monsite.com\/medias\/images\/mid-28-jet2.png?fx=r_120_120\" alt=\"mid-28-jet2.png\" width=\"88\" height=\"22\" \/><\/a><a title=\"\" href=\"http:\/\/sunseapetanque.e-monsite.com\/medias\/images\/mid-62-jetairfly.png\" data-rel=\"lightbox-image-2\" data-rl_title=\"\" data-rl_caption=\"\"><img loading=\"lazy\" decoding=\"async\" class=\"img-left\" src=\"http:\/\/sunseapetanque.e-monsite.com\/medias\/images\/mid-62-jetairfly.png?fx=r_120_120\" alt=\"mid-62-jetairfly.png\" width=\"83\" height=\"21\" \/><\/a><a title=\"\" href=\"http:\/\/sunseapetanque.e-monsite.com\/medias\/images\/mid-96-thomas-cook-airlines.png\" data-rel=\"lightbox-image-3\" data-rl_title=\"\" data-rl_caption=\"\"><img loading=\"lazy\" decoding=\"async\" class=\"img-left\" src=\"http:\/\/sunseapetanque.e-monsite.com\/medias\/images\/mid-96-thomas-cook-airlines.png?fx=r_120_120\" alt=\"mid-96-thomas-cook-airlines.png\" width=\"50\" height=\"51\" \/><\/a><a title=\"\" href=\"http:\/\/sunseapetanque.e-monsite.com\/medias\/images\/ryanair.jpg\" data-rel=\"lightbox-image-4\" data-rl_title=\"\" data-rl_caption=\"\"><img loading=\"lazy\" decoding=\"async\" class=\"img-left\" src=\"http:\/\/sunseapetanque.e-monsite.com\/medias\/images\/ryanair.jpg?fx=r_120_120\" alt=\"ryanair.jpg\" width=\"90\" height=\"27\" \/><\/a><a title=\"\" href=\"http:\/\/sunseapetanque.e-monsite.com\/medias\/images\/mid-31-thomsonfly.png\" data-rel=\"lightbox-image-5\" data-rl_title=\"\" data-rl_caption=\"\"><img loading=\"lazy\" decoding=\"async\" class=\"img-left\" src=\"http:\/\/sunseapetanque.e-monsite.com\/medias\/images\/mid-31-thomsonfly.png?fx=r_120_120\" alt=\"mid-31-thomsonfly.png\" width=\"104\" height=\"26\" \/><\/a><\/p>\n<p><strong>Villes desservies :<\/strong><\/p>\n<p>France : Paris ;\u00a0 Allemagne : Francfort sur le Maine; Italie : Milan ; Belgique : Bruxelles<\/p>\n<p>Pour plus d&rsquo;informations : <a href=\"http:\/\/www.reus-airport.es\/\">http:\/\/www.reus-airport.es\/<\/a><\/p>\n<p>Il existe une navette bus de l&rsquo;a\u00e9roport de Reus vers Salou :<\/p>\n<p><strong>Tickets :<\/strong> Un aller simple co\u00fbte 5,60\u20ac\u00a0et un aller-retour 9,95\u20ac.<\/p>\n<p>&nbsp;<\/p>\n<p>&nbsp;<\/p>\n<p style=\"text-align: right;\"><strong>BARCELONE &#8211; principales compagnies desservant l&rsquo;a\u00e9roport :<\/strong><\/p>\n<p style=\"text-align: right;\"><strong><a title=\"\" href=\"http:\/\/sunseapetanque.e-monsite.com\/medias\/images\/iberia.jpg\" rel=\"iframe\" data-rel=\"lightbox-image-6\" data-rl_title=\"\" data-rl_caption=\"\"><img loading=\"lazy\" decoding=\"async\" class=\"img-left\" src=\"http:\/\/sunseapetanque.e-monsite.com\/medias\/images\/iberia.jpg?fx=r_120_120\" alt=\"iberia.jpg\" width=\"90\" height=\"23\" \/><\/a><a title=\"\" href=\"http:\/\/sunseapetanque.e-monsite.com\/medias\/images\/ryanair-1.jpg\" data-rel=\"lightbox-image-7\" data-rl_title=\"\" data-rl_caption=\"\"><img loading=\"lazy\" decoding=\"async\" class=\"img-left\" src=\"http:\/\/sunseapetanque.e-monsite.com\/medias\/images\/ryanair-1.jpg?fx=r_120_120\" alt=\"ryanair-1.jpg\" width=\"87\" height=\"26\" \/><\/a><\/strong><strong><a title=\"\" href=\"http:\/\/sunseapetanque.e-monsite.com\/medias\/images\/air-france-1.jpg\" data-rel=\"lightbox-image-8\" data-rl_title=\"\" data-rl_caption=\"\"><img loading=\"lazy\" decoding=\"async\" class=\"img-left\" src=\"http:\/\/sunseapetanque.e-monsite.com\/medias\/images\/air-france-1.jpg?fx=r_120_120\" alt=\"air-france-1.jpg\" width=\"120\" height=\"23\" \/><\/a><a title=\"\" href=\"http:\/\/sunseapetanque.e-monsite.com\/medias\/images\/easy-jet.jpg\" data-rel=\"lightbox-image-9\" data-rl_title=\"\" data-rl_caption=\"\"><img loading=\"lazy\" decoding=\"async\" class=\"img-left\" src=\"http:\/\/sunseapetanque.e-monsite.com\/medias\/images\/easy-jet.jpg?fx=r_120_120\" alt=\"easy-jet.jpg\" width=\"79\" height=\"19\" \/><\/a><a title=\"\" href=\"http:\/\/sunseapetanque.e-monsite.com\/medias\/images\/mid-28-jet2-1.png\" data-rel=\"lightbox-image-10\" data-rl_title=\"\" data-rl_caption=\"\"><img loading=\"lazy\" decoding=\"async\" class=\"img-left\" src=\"http:\/\/sunseapetanque.e-monsite.com\/medias\/images\/mid-28-jet2-1.png?fx=r_120_120\" alt=\"mid-28-jet2-1.png\" width=\"80\" height=\"20\" \/><\/a><\/strong><\/p>\n<p style=\"text-align: right;\"><strong>Villes desservies\u00a0 : <\/strong><\/p>\n<p style=\"text-align: right;\"><a title=\"Vols de Barcelone \u00e0 Bordeaux\" href=\"http:\/\/www.flylowcostairlines.org\/compagnies-aeriennes-low-cost\/billets-bon-marche-barcelone+bordeaux.html\">France : <\/a><strong><a title=\"Vols de Barcelone \u00e0 Bordeaux\" href=\"http:\/\/www.flylowcostairlines.org\/compagnies-aeriennes-low-cost\/billets-bon-marche-barcelone+bordeaux.html\">Bordeaux<\/a><\/strong>, <a title=\"Vols de Barcelone \u00e0 Lyon\" href=\"http:\/\/www.flylowcostairlines.org\/compagnies-aeriennes-low-cost\/billets-bon-marche-barcelone+lyon.html\">Lyon<\/a>, <a title=\"Vols de Barcelone \u00e0 Marseille\" href=\"http:\/\/www.flylowcostairlines.org\/compagnies-aeriennes-low-cost\/billets-bon-marche-barcelone+marseille.html\">Marseille<\/a>, <a title=\"Vols de Barcelone \u00e0 Mulhouse\" href=\"http:\/\/www.flylowcostairlines.org\/compagnies-aeriennes-low-cost\/billets-bon-marche-barcelone+mulhouse.html\">Mulhouse<\/a>, <a title=\"Vols de Barcelone \u00e0 Nantes\" href=\"http:\/\/www.flylowcostairlines.org\/compagnies-aeriennes-low-cost\/billets-bon-marche-barcelone+nantes.html\">Nantes<\/a>, <a title=\"Vols de Barcelone \u00e0 Nice\" href=\"http:\/\/www.flylowcostairlines.org\/compagnies-aeriennes-low-cost\/billets-bon-marche-barcelone+nice.html\">Nice<\/a>, <a title=\"Vols de Barcelone \u00e0 Paris\" href=\"http:\/\/www.flylowcostairlines.org\/compagnies-aeriennes-low-cost\/billets-bon-marche-barcelone+paris.html\">Paris<\/a>, <a title=\"Vols de Barcelone \u00e0 Toulouse\" href=\"http:\/\/www.flylowcostairlines.org\/compagnies-aeriennes-low-cost\/billets-bon-marche-barcelone+toulouse.html\">Toulouse<\/a><\/p>\n<p style=\"text-align: right;\">Allemagne : Baden Baden \/ Karlsruhe ; Francfort le Main, Fribourg, Sarrebruck, Stuttgart<\/p>\n<p style=\"text-align: right;\">Belgique\u00a0 : Bruxelles<\/p>\n<p style=\"text-align: right;\">Italie : Milan<\/p>\n<p style=\"text-align: right;\">Pour plus d&rsquo;informations : <a href=\"http:\/\/www.barcelona-airport.com\/\"><span style=\"text-decoration: underline;\">http:\/\/www.barcelona-airport.com\/<\/span><\/a><\/p>\n<p style=\"text-align: right;\">La compagnie d&rsquo;autobus <strong>Plana<\/strong> relie le centre de Barcelone au centre de Salou : Le voyage prend environ une heure et demie et le prix des billets varie de 4,40\u20ac\u00a0\u00e0 7,30\u20ac.<\/p>\n<p>&nbsp;<\/p>\n<p>&nbsp;<\/p>\n<p>&nbsp;<\/p>\n<p><strong>GIRONE &#8211; principales compagnies desservant l&rsquo;a\u00e9roport :<\/strong><\/p>\n<p><strong>\u00a0<\/strong><strong><a title=\"\" href=\"http:\/\/sunseapetanque.e-monsite.com\/medias\/images\/mid-32-transavia-3.png\" data-rel=\"lightbox-image-11\" data-rl_title=\"\" data-rl_caption=\"\"><img loading=\"lazy\" decoding=\"async\" class=\"img-left\" src=\"http:\/\/sunseapetanque.e-monsite.com\/medias\/images\/mid-32-transavia-3.png?fx=r_120_120\" alt=\"mid-32-transavia-3.png\" width=\"97\" height=\"61\" \/><\/a><\/strong><strong><a title=\"\" href=\"http:\/\/sunseapetanque.e-monsite.com\/medias\/images\/mid-34-wizz-air-1.png\" data-rel=\"lightbox-image-12\" data-rl_title=\"\" data-rl_caption=\"\"><img loading=\"lazy\" decoding=\"async\" class=\"img-left\" src=\"http:\/\/sunseapetanque.e-monsite.com\/medias\/images\/mid-34-wizz-air-1.png?fx=r_120_120\" alt=\"mid-34-wizz-air-1.png\" width=\"76\" height=\"42\" \/><\/a><\/strong><strong><a title=\"\" href=\"http:\/\/sunseapetanque.e-monsite.com\/medias\/images\/mid-31-thomsonfly-2.png\" data-rel=\"lightbox-image-13\" data-rl_title=\"\" data-rl_caption=\"\"><img loading=\"lazy\" decoding=\"async\" class=\"img-left\" src=\"http:\/\/sunseapetanque.e-monsite.com\/medias\/images\/mid-31-thomsonfly-2.png?fx=r_120_120\" alt=\"mid-31-thomsonfly-2.png\" width=\"120\" height=\"30\" \/><\/a><\/strong><strong><a title=\"\" href=\"http:\/\/sunseapetanque.e-monsite.com\/medias\/images\/arkefly-1.jpg\" data-rel=\"lightbox-image-14\" data-rl_title=\"\" data-rl_caption=\"\"><img loading=\"lazy\" decoding=\"async\" class=\"img-left\" src=\"http:\/\/sunseapetanque.e-monsite.com\/medias\/images\/arkefly-1.jpg?fx=r_120_120\" alt=\"arkefly-1.jpg\" width=\"62\" height=\"29\" \/><\/a><\/strong><\/p>\n<p><strong><a title=\"\" href=\"http:\/\/sunseapetanque.e-monsite.com\/medias\/images\/mid-96-thomas-cook-airlines-2.png\" data-rel=\"lightbox-image-15\" data-rl_title=\"\" data-rl_caption=\"\"><img loading=\"lazy\" decoding=\"async\" class=\"img-left\" src=\"http:\/\/sunseapetanque.e-monsite.com\/medias\/images\/mid-96-thomas-cook-airlines-2.png?fx=r_120_120\" alt=\"mid-96-thomas-cook-airlines-2.png\" width=\"48\" height=\"48\" \/><\/a><\/strong><strong><a title=\"\" href=\"http:\/\/sunseapetanque.e-monsite.com\/medias\/images\/ryanair-3.jpg\" data-rel=\"lightbox-image-16\" data-rl_title=\"\" data-rl_caption=\"\"><img loading=\"lazy\" decoding=\"async\" class=\"img-left\" src=\"http:\/\/sunseapetanque.e-monsite.com\/medias\/images\/ryanair-3.jpg?fx=r_120_120\" alt=\"ryanair-3.jpg\" width=\"120\" height=\"36\" \/><\/a><\/strong><strong><a title=\"\" href=\"http:\/\/sunseapetanque.e-monsite.com\/medias\/images\/mid-62-jetairfly-2.png\" data-rel=\"lightbox-image-17\" data-rl_title=\"\" data-rl_caption=\"\"><img loading=\"lazy\" decoding=\"async\" class=\"img-left\" src=\"http:\/\/sunseapetanque.e-monsite.com\/medias\/images\/mid-62-jetairfly-2.png?fx=r_120_120\" alt=\"mid-62-jetairfly-2.png\" width=\"84\" height=\"18\" \/><\/a><\/strong><\/p>\n<p><strong>\u00a0Villes desservies :<\/strong><\/p>\n<p>Allemagne : Baden Baden \/ Karlsruhe; Francfort le Main<\/p>\n<p>Belgique : Bruxelles<\/p>\n<p>France : Paris<\/p>\n<p>Pour plus d&rsquo;informations : <a href=\"http:\/\/www.girona-airport.net\">http:\/\/www.girona-airport.net<\/a><\/p>\n","protected":false},"excerpt":{"rendered":"<p>POUR REJOINDRE VOTRE DESTINATION DE R\u00caVE PLUSIEURS MOYENS DE TRANSPORT S&rsquo;OFFRENT A VOUS : &nbsp; EN VOITURE :\u00a0 Salou se situe \u00e0 environ 1 heure de Barcelone, elle est accessible par l&rsquo;autoroute payante fran\u00e7aise et espagnole (autopista). Distances depuis les plus grandes villes de France : Lille\u00a0 :\u00a0 1353 km ;\u00a0 Paris : 1136 km\u00a0 [&hellip;]<\/p>\n","protected":false},"author":1,"featured_media":0,"parent":0,"menu_order":0,"comment_status":"closed","ping_status":"open","template":"","meta":{"footnotes":""},"class_list":["post-228","page","type-page","status-publish","hentry"],"_links":{"self":[{"href":"https:\/\/sunseapetanque.com\/index.php?rest_route=\/wp\/v2\/pages\/228","targetHints":{"allow":["GET"]}}],"collection":[{"href":"https:\/\/sunseapetanque.com\/index.php?rest_route=\/wp\/v2\/pages"}],"about":[{"href":"https:\/\/sunseapetanque.com\/index.php?rest_route=\/wp\/v2\/types\/page"}],"author":[{"embeddable":true,"href":"https:\/\/sunseapetanque.com\/index.php?rest_route=\/wp\/v2\/users\/1"}],"replies":[{"embeddable":true,"href":"https:\/\/sunseapetanque.com\/index.php?rest_route=%2Fwp%2Fv2%2Fcomments&post=228"}],"version-history":[{"count":5,"href":"https:\/\/sunseapetanque.com\/index.php?rest_route=\/wp\/v2\/pages\/228\/revisions"}],"predecessor-version":[{"id":1120,"href":"https:\/\/sunseapetanque.com\/index.php?rest_route=\/wp\/v2\/pages\/228\/revisions\/1120"}],"wp:attachment":[{"href":"https:\/\/sunseapetanque.com\/index.php?rest_route=%2Fwp%2Fv2%2Fmedia&parent=228"}],"curies":[{"name":"wp","href":"https:\/\/api.w.org\/{rel}","templated":true}]}}